{"id":30530,"date":"2019-04-10T19:44:45","date_gmt":"2019-04-10T19:44:45","guid":{"rendered":"https:\/\/www.rozrazil.cz\/?page_id=30530"},"modified":"2019-04-14T20:54:19","modified_gmt":"2019-04-14T20:54:19","slug":"fotky-z-dinosauri-vikendovky-v-plzni-2019-od-anicky-a-cinthie","status":"publish","type":"page","link":"https:\/\/www.rozrazil.cz\/?page_id=30530","title":{"rendered":"Fotky z Dinosau\u0159\u00ed v\u00edkendovky v Plzni 2019 od v\u00edcero fotograf\u016f"},"content":{"rendered":"\r\n\t\t<style type='text\/css'>\r\n\t\t\t#gallery-1 {\r\n\t\t\t\tmargin: auto;\r\n\t\t\t}\r\n\t\t\t#gallery-1 .gallery-item {\r\n\t\t\t\tfloat: left;\r\n\t\t\t\tmargin-top: 10px;\r\n\t\t\t\ttext-align: center;\r\n\t\t\t\twidth: 25%;\r\n\t\t\t}\r\n\t\t\t#gallery-1 img {\r\n\t\t\t\tborder: 2px solid #cfcfcf;\r\n\t\t\t}\r\n\t\t\t#gallery-1 .gallery-caption {\r\n\t\t\t\tmargin-left: 0;\r\n\t\t\t}\r\n\t\t<\/style>\r\n\t\t<!-- see gallery_shortcode() in wp-includes\/media.php -->\n\t\t<div id='gallery-1' class='gallery galleryid-30530 gallery-columns-4 gallery-size-thumbnail gallery1'><script type=\"text\/javascript\">\r\n\/\/ <![CDATA[\r\n\tjQuery(document).ready(function () {\r\n\t\tjQuery(\".gallery1 a\").attr(\"rel\",\"gallery1\");\t\r\n\t\tjQuery('a[rel=\"gallery1\"]').colorbox({maxWidth:\"95%\", maxHeight:\"95%\",title: function(){ return jQuery(this).children().attr(\"alt\"); }, });\r\n\t});\r\n\/\/ ]]>\r\n<\/script>\n<dl class=\"gallery-item\">\n<dt class=\"gallery-icon\">\r\n<a href=\"https:\/\/www.rozrazil.cz\/wp-content\/uploads\/fotky-z-dinosauri-vikendovky-v-plzni-2019-od-anicky-a-cinthie\/2019\/04\/IMG_20190406_131057-768x1024.jpg\" title=\"\" rel=\"gallery1\"><img loading=\"lazy\" decoding=\"async\" src=\"https:\/\/www.rozrazil.cz\/wp-content\/uploads\/fotky-z-dinosauri-vikendovky-v-plzni-2019-od-anicky-a-cinthie\/2019\/04\/IMG_20190406_131057-150x150.jpg\" width=\"150\" height=\"150\" alt=\"\" \/><\/a>\r\n<\/dt><\/dl><dl class=\"gallery-item\">\n<dt class=\"gallery-icon\">\r\n<a href=\"https:\/\/www.rozrazil.cz\/wp-content\/uploads\/fotky-z-dinosauri-vikendovky-v-plzni-2019-od-anicky-a-cinthie\/2019\/04\/IMG_20190406_131112-768x1024.jpg\" title=\"\" rel=\"gallery1\"><img loading=\"lazy\" decoding=\"async\" src=\"https:\/\/www.rozrazil.cz\/wp-content\/uploads\/fotky-z-dinosauri-vikendovky-v-plzni-2019-od-anicky-a-cinthie\/2019\/04\/IMG_20190406_131112-150x150.jpg\" width=\"150\" height=\"150\" alt=\"\" \/><\/a>\r\n<\/dt><\/dl><dl class=\"gallery-item\">\n<dt class=\"gallery-icon\">\r\n<a href=\"https:\/\/www.rozrazil.cz\/wp-content\/uploads\/fotky-z-dinosauri-vikendovky-v-plzni-2019-od-anicky-a-cinthie\/2019\/04\/IMG_20190406_131313-768x1024.jpg\" title=\"\" rel=\"gallery1\"><img loading=\"lazy\" decoding=\"async\" src=\"https:\/\/www.rozrazil.cz\/wp-content\/uploads\/fotky-z-dinosauri-vikendovky-v-plzni-2019-od-anicky-a-cinthie\/2019\/04\/IMG_20190406_131313-150x150.jpg\" width=\"150\" height=\"150\" alt=\"\" \/><\/a>\r\n<\/dt><\/dl><dl class=\"gallery-item\">\n<dt class=\"gallery-icon\">\r\n<a href=\"https:\/\/www.rozrazil.cz\/wp-content\/uploads\/fotky-z-dinosauri-vikendovky-v-plzni-2019-od-anicky-a-cinthie\/2019\/04\/IMG_20190406_134148-768x1024.jpg\" title=\"\" rel=\"gallery1\"><img loading=\"lazy\" decoding=\"async\" src=\"https:\/\/www.rozrazil.cz\/wp-content\/uploads\/fotky-z-dinosauri-vikendovky-v-plzni-2019-od-anicky-a-cinthie\/2019\/04\/IMG_20190406_134148-150x150.jpg\" width=\"150\" height=\"150\" alt=\"\" \/><\/a>\r\n<\/dt><\/dl><br style=\"clear: both\" \/><dl class=\"gallery-item\">\n<dt class=\"gallery-icon\">\r\n<a href=\"https:\/\/www.rozrazil.cz\/wp-content\/uploads\/fotky-z-dinosauri-vikendovky-v-plzni-2019-od-anicky-a-cinthie\/2019\/04\/IMG_20190406_151422-1024x768.jpg\" title=\"\" rel=\"gallery1\"><img loading=\"lazy\" decoding=\"async\" src=\"https:\/\/www.rozrazil.cz\/wp-content\/uploads\/fotky-z-dinosauri-vikendovky-v-plzni-2019-od-anicky-a-cinthie\/2019\/04\/IMG_20190406_151422-150x150.jpg\" width=\"150\" height=\"150\" alt=\"\" \/><\/a>\r\n<\/dt><\/dl><dl class=\"gallery-item\">\n<dt class=\"gallery-icon\">\r\n<a href=\"https:\/\/www.rozrazil.cz\/wp-content\/uploads\/fotky-z-dinosauri-vikendovky-v-plzni-2019-od-anicky-a-cinthie\/2019\/04\/IMG_20190406_151459-1024x768.jpg\" title=\"\" rel=\"gallery1\"><img loading=\"lazy\" decoding=\"async\" src=\"https:\/\/www.rozrazil.cz\/wp-content\/uploads\/fotky-z-dinosauri-vikendovky-v-plzni-2019-od-anicky-a-cinthie\/2019\/04\/IMG_20190406_151459-150x150.jpg\" width=\"150\" height=\"150\" alt=\"\" \/><\/a>\r\n<\/dt><\/dl><dl class=\"gallery-item\">\n<dt class=\"gallery-icon\">\r\n<a href=\"https:\/\/www.rozrazil.cz\/wp-content\/uploads\/fotky-z-dinosauri-vikendovky-v-plzni-2019-od-anicky-a-cinthie\/2019\/04\/IMG_20190406_160531-1024x768.jpg\" title=\"\" rel=\"gallery1\"><img loading=\"lazy\" decoding=\"async\" src=\"https:\/\/www.rozrazil.cz\/wp-content\/uploads\/fotky-z-dinosauri-vikendovky-v-plzni-2019-od-anicky-a-cinthie\/2019\/04\/IMG_20190406_160531-150x150.jpg\" width=\"150\" height=\"150\" alt=\"\" \/><\/a>\r\n<\/dt><\/dl><dl class=\"gallery-item\">\n<dt class=\"gallery-icon\">\r\n<a href=\"https:\/\/www.rozrazil.cz\/wp-content\/uploads\/fotky-z-dinosauri-vikendovky-v-plzni-2019-od-anicky-a-cinthie\/2019\/04\/IMG_20190406_163017-1024x768.jpg\" title=\"\" rel=\"gallery1\"><img loading=\"lazy\" decoding=\"async\" src=\"https:\/\/www.rozrazil.cz\/wp-content\/uploads\/fotky-z-dinosauri-vikendovky-v-plzni-2019-od-anicky-a-cinthie\/2019\/04\/IMG_20190406_163017-150x150.jpg\" width=\"150\" height=\"150\" alt=\"\" \/><\/a>\r\n<\/dt><\/dl><br style=\"clear: both\" \/><dl class=\"gallery-item\">\n<dt class=\"gallery-icon\">\r\n<a href=\"https:\/\/www.rozrazil.cz\/wp-content\/uploads\/fotky-z-dinosauri-vikendovky-v-plzni-2019-od-anicky-a-cinthie\/2019\/04\/IMG_20190406_171125_1-768x1024.jpg\" title=\"\" rel=\"gallery1\"><img loading=\"lazy\" decoding=\"async\" src=\"https:\/\/www.rozrazil.cz\/wp-content\/uploads\/fotky-z-dinosauri-vikendovky-v-plzni-2019-od-anicky-a-cinthie\/2019\/04\/IMG_20190406_171125_1-150x150.jpg\" width=\"150\" height=\"150\" alt=\"\" \/><\/a>\r\n<\/dt><\/dl><dl class=\"gallery-item\">\n<dt class=\"gallery-icon\">\r\n<a href=\"https:\/\/www.rozrazil.cz\/wp-content\/uploads\/fotky-z-dinosauri-vikendovky-v-plzni-2019-od-anicky-a-cinthie\/2019\/04\/IMG_3102-1024x768.jpg\" title=\"\" rel=\"gallery1\"><img loading=\"lazy\" decoding=\"async\" src=\"https:\/\/www.rozrazil.cz\/wp-content\/uploads\/fotky-z-dinosauri-vikendovky-v-plzni-2019-od-anicky-a-cinthie\/2019\/04\/IMG_3102-150x150.jpg\" width=\"150\" height=\"150\" alt=\"\" \/><\/a>\r\n<\/dt><\/dl><dl class=\"gallery-item\">\n<dt class=\"gallery-icon\">\r\n<a href=\"https:\/\/www.rozrazil.cz\/wp-content\/uploads\/fotky-z-dinosauri-vikendovky-v-plzni-2019-od-anicky-a-cinthie\/2019\/04\/IMG_3116-1024x768.jpg\" title=\"\" rel=\"gallery1\"><img loading=\"lazy\" decoding=\"async\" src=\"https:\/\/www.rozrazil.cz\/wp-content\/uploads\/fotky-z-dinosauri-vikendovky-v-plzni-2019-od-anicky-a-cinthie\/2019\/04\/IMG_3116-150x150.jpg\" width=\"150\" height=\"150\" alt=\"\" \/><\/a>\r\n<\/dt><\/dl><dl class=\"gallery-item\">\n<dt class=\"gallery-icon\">\r\n<a href=\"https:\/\/www.rozrazil.cz\/wp-content\/uploads\/fotky-z-dinosauri-vikendovky-v-plzni-2019-od-anicky-a-cinthie\/2019\/04\/IMG_3117-1024x768.jpg\" title=\"\" rel=\"gallery1\"><img loading=\"lazy\" decoding=\"async\" src=\"https:\/\/www.rozrazil.cz\/wp-content\/uploads\/fotky-z-dinosauri-vikendovky-v-plzni-2019-od-anicky-a-cinthie\/2019\/04\/IMG_3117-150x150.jpg\" width=\"150\" height=\"150\" alt=\"\" \/><\/a>\r\n<\/dt><\/dl><br style=\"clear: both\" \/><dl class=\"gallery-item\">\n<dt class=\"gallery-icon\">\r\n<a href=\"https:\/\/www.rozrazil.cz\/wp-content\/uploads\/fotky-z-dinosauri-vikendovky-v-plzni-2019-od-anicky-a-cinthie\/2019\/04\/IMG_3119-768x1024.jpg\" title=\"\" rel=\"gallery1\"><img loading=\"lazy\" decoding=\"async\" src=\"https:\/\/www.rozrazil.cz\/wp-content\/uploads\/fotky-z-dinosauri-vikendovky-v-plzni-2019-od-anicky-a-cinthie\/2019\/04\/IMG_3119-150x150.jpg\" width=\"150\" height=\"150\" alt=\"\" \/><\/a>\r\n<\/dt><\/dl><dl class=\"gallery-item\">\n<dt class=\"gallery-icon\">\r\n<a href=\"https:\/\/www.rozrazil.cz\/wp-content\/uploads\/fotky-z-dinosauri-vikendovky-v-plzni-2019-od-anicky-a-cinthie\/2019\/04\/IMG_3120-768x1024.jpg\" title=\"\" rel=\"gallery1\"><img loading=\"lazy\" decoding=\"async\" src=\"https:\/\/www.rozrazil.cz\/wp-content\/uploads\/fotky-z-dinosauri-vikendovky-v-plzni-2019-od-anicky-a-cinthie\/2019\/04\/IMG_3120-150x150.jpg\" width=\"150\" height=\"150\" alt=\"\" \/><\/a>\r\n<\/dt><\/dl><dl class=\"gallery-item\">\n<dt class=\"gallery-icon\">\r\n<a href=\"https:\/\/www.rozrazil.cz\/wp-content\/uploads\/fotky-z-dinosauri-vikendovky-v-plzni-2019-od-anicky-a-cinthie\/2019\/04\/IMG_3131-1024x768.jpg\" title=\"\" rel=\"gallery1\"><img loading=\"lazy\" decoding=\"async\" src=\"https:\/\/www.rozrazil.cz\/wp-content\/uploads\/fotky-z-dinosauri-vikendovky-v-plzni-2019-od-anicky-a-cinthie\/2019\/04\/IMG_3131-150x150.jpg\" width=\"150\" height=\"150\" alt=\"\" \/><\/a>\r\n<\/dt><\/dl><dl class=\"gallery-item\">\n<dt class=\"gallery-icon\">\r\n<a href=\"https:\/\/www.rozrazil.cz\/wp-content\/uploads\/fotky-z-dinosauri-vikendovky-v-plzni-2019-od-anicky-a-cinthie\/2019\/04\/IMG_3141-1024x768.jpg\" title=\"\" rel=\"gallery1\"><img loading=\"lazy\" decoding=\"async\" src=\"https:\/\/www.rozrazil.cz\/wp-content\/uploads\/fotky-z-dinosauri-vikendovky-v-plzni-2019-od-anicky-a-cinthie\/2019\/04\/IMG_3141-150x150.jpg\" width=\"150\" height=\"150\" alt=\"\" \/><\/a>\r\n<\/dt><\/dl><br style=\"clear: both\" \/><dl class=\"gallery-item\">\n<dt class=\"gallery-icon\">\r\n<a href=\"https:\/\/www.rozrazil.cz\/wp-content\/uploads\/fotky-z-dinosauri-vikendovky-v-plzni-2019-od-anicky-a-cinthie\/2019\/04\/IMG_20190406_235610-576x1024.jpg\" title=\"\" rel=\"gallery1\"><img loading=\"lazy\" decoding=\"async\" src=\"https:\/\/www.rozrazil.cz\/wp-content\/uploads\/fotky-z-dinosauri-vikendovky-v-plzni-2019-od-anicky-a-cinthie\/2019\/04\/IMG_20190406_235610-150x150.jpg\" width=\"150\" height=\"150\" alt=\"\" \/><\/a>\r\n<\/dt><\/dl><dl class=\"gallery-item\">\n<dt class=\"gallery-icon\">\r\n<a href=\"https:\/\/www.rozrazil.cz\/wp-content\/uploads\/fotky-z-dinosauri-vikendovky-v-plzni-2019-od-anicky-a-cinthie\/2019\/04\/IMG_20190406_164758-1024x576.jpg\" title=\"\" rel=\"gallery1\"><img loading=\"lazy\" decoding=\"async\" src=\"https:\/\/www.rozrazil.cz\/wp-content\/uploads\/fotky-z-dinosauri-vikendovky-v-plzni-2019-od-anicky-a-cinthie\/2019\/04\/IMG_20190406_164758-150x150.jpg\" width=\"150\" height=\"150\" alt=\"\" \/><\/a>\r\n<\/dt><\/dl><dl class=\"gallery-item\">\n<dt class=\"gallery-icon\">\r\n<a href=\"https:\/\/www.rozrazil.cz\/wp-content\/uploads\/fotky-z-dinosauri-vikendovky-v-plzni-2019-od-anicky-a-cinthie\/2019\/04\/IMG_20190406_160906-1024x576.jpg\" title=\"\" rel=\"gallery1\"><img loading=\"lazy\" decoding=\"async\" src=\"https:\/\/www.rozrazil.cz\/wp-content\/uploads\/fotky-z-dinosauri-vikendovky-v-plzni-2019-od-anicky-a-cinthie\/2019\/04\/IMG_20190406_160906-150x150.jpg\" width=\"150\" height=\"150\" alt=\"\" \/><\/a>\r\n<\/dt><\/dl><dl class=\"gallery-item\">\n<dt class=\"gallery-icon\">\r\n<a href=\"https:\/\/www.rozrazil.cz\/wp-content\/uploads\/fotky-z-dinosauri-vikendovky-v-plzni-2019-od-anicky-a-cinthie\/2019\/04\/IMG_20190406_155244-1024x576.jpg\" title=\"\" rel=\"gallery1\"><img loading=\"lazy\" decoding=\"async\" src=\"https:\/\/www.rozrazil.cz\/wp-content\/uploads\/fotky-z-dinosauri-vikendovky-v-plzni-2019-od-anicky-a-cinthie\/2019\/04\/IMG_20190406_155244-150x150.jpg\" width=\"150\" height=\"150\" alt=\"\" \/><\/a>\r\n<\/dt><\/dl><br style=\"clear: both\" \/><dl class=\"gallery-item\">\n<dt class=\"gallery-icon\">\r\n<a href=\"https:\/\/www.rozrazil.cz\/wp-content\/uploads\/fotky-z-dinosauri-vikendovky-v-plzni-2019-od-anicky-a-cinthie\/2019\/04\/IMG_20190406_151612-1024x576.jpg\" title=\"\" rel=\"gallery1\"><img loading=\"lazy\" decoding=\"async\" src=\"https:\/\/www.rozrazil.cz\/wp-content\/uploads\/fotky-z-dinosauri-vikendovky-v-plzni-2019-od-anicky-a-cinthie\/2019\/04\/IMG_20190406_151612-150x150.jpg\" width=\"150\" height=\"150\" alt=\"\" \/><\/a>\r\n<\/dt><\/dl><dl class=\"gallery-item\">\n<dt class=\"gallery-icon\">\r\n<a href=\"https:\/\/www.rozrazil.cz\/wp-content\/uploads\/fotky-z-dinosauri-vikendovky-v-plzni-2019-od-anicky-a-cinthie\/2019\/04\/IMG_20190406_151605-1024x576.jpg\" title=\"\" rel=\"gallery1\"><img loading=\"lazy\" decoding=\"async\" src=\"https:\/\/www.rozrazil.cz\/wp-content\/uploads\/fotky-z-dinosauri-vikendovky-v-plzni-2019-od-anicky-a-cinthie\/2019\/04\/IMG_20190406_151605-150x150.jpg\" width=\"150\" height=\"150\" alt=\"\" \/><\/a>\r\n<\/dt><\/dl><dl class=\"gallery-item\">\n<dt class=\"gallery-icon\">\r\n<a href=\"https:\/\/www.rozrazil.cz\/wp-content\/uploads\/fotky-z-dinosauri-vikendovky-v-plzni-2019-od-anicky-a-cinthie\/2019\/04\/IMG_20190406_150339-1024x576.jpg\" title=\"\" rel=\"gallery1\"><img loading=\"lazy\" decoding=\"async\" src=\"https:\/\/www.rozrazil.cz\/wp-content\/uploads\/fotky-z-dinosauri-vikendovky-v-plzni-2019-od-anicky-a-cinthie\/2019\/04\/IMG_20190406_150339-150x150.jpg\" width=\"150\" height=\"150\" alt=\"\" \/><\/a>\r\n<\/dt><\/dl><dl class=\"gallery-item\">\n<dt class=\"gallery-icon\">\r\n<a href=\"https:\/\/www.rozrazil.cz\/wp-content\/uploads\/fotky-z-dinosauri-vikendovky-v-plzni-2019-od-anicky-a-cinthie\/2019\/04\/IMG_20190406_145526-1024x576.jpg\" title=\"\" rel=\"gallery1\"><img loading=\"lazy\" decoding=\"async\" src=\"https:\/\/www.rozrazil.cz\/wp-content\/uploads\/fotky-z-dinosauri-vikendovky-v-plzni-2019-od-anicky-a-cinthie\/2019\/04\/IMG_20190406_145526-150x150.jpg\" width=\"150\" height=\"150\" alt=\"\" \/><\/a>\r\n<\/dt><\/dl><br style=\"clear: both\" \/><dl class=\"gallery-item\">\n<dt class=\"gallery-icon\">\r\n<a href=\"https:\/\/www.rozrazil.cz\/wp-content\/uploads\/fotky-z-dinosauri-vikendovky-v-plzni-2019-od-anicky-a-cinthie\/2019\/04\/IMG_20190406_145510-1024x576.jpg\" title=\"\" rel=\"gallery1\"><img loading=\"lazy\" decoding=\"async\" src=\"https:\/\/www.rozrazil.cz\/wp-content\/uploads\/fotky-z-dinosauri-vikendovky-v-plzni-2019-od-anicky-a-cinthie\/2019\/04\/IMG_20190406_145510-150x150.jpg\" width=\"150\" height=\"150\" alt=\"\" \/><\/a>\r\n<\/dt><\/dl><dl class=\"gallery-item\">\n<dt class=\"gallery-icon\">\r\n<a href=\"https:\/\/www.rozrazil.cz\/wp-content\/uploads\/fotky-z-dinosauri-vikendovky-v-plzni-2019-od-anicky-a-cinthie\/2019\/04\/IMG_20190406_145312-1024x576.jpg\" title=\"\" rel=\"gallery1\"><img loading=\"lazy\" decoding=\"async\" src=\"https:\/\/www.rozrazil.cz\/wp-content\/uploads\/fotky-z-dinosauri-vikendovky-v-plzni-2019-od-anicky-a-cinthie\/2019\/04\/IMG_20190406_145312-150x150.jpg\" width=\"150\" height=\"150\" alt=\"\" \/><\/a>\r\n<\/dt><\/dl><dl class=\"gallery-item\">\n<dt class=\"gallery-icon\">\r\n<a href=\"https:\/\/www.rozrazil.cz\/wp-content\/uploads\/fotky-z-dinosauri-vikendovky-v-plzni-2019-od-anicky-a-cinthie\/2019\/04\/IMG_20190406_145308-1024x576.jpg\" title=\"\" rel=\"gallery1\"><img loading=\"lazy\" decoding=\"async\" src=\"https:\/\/www.rozrazil.cz\/wp-content\/uploads\/fotky-z-dinosauri-vikendovky-v-plzni-2019-od-anicky-a-cinthie\/2019\/04\/IMG_20190406_145308-150x150.jpg\" width=\"150\" height=\"150\" alt=\"\" \/><\/a>\r\n<\/dt><\/dl><dl class=\"gallery-item\">\n<dt class=\"gallery-icon\">\r\n<a href=\"https:\/\/www.rozrazil.cz\/wp-content\/uploads\/fotky-z-dinosauri-vikendovky-v-plzni-2019-od-anicky-a-cinthie\/2019\/04\/IMG_20190406_145301-1024x576.jpg\" title=\"\" rel=\"gallery1\"><img loading=\"lazy\" decoding=\"async\" src=\"https:\/\/www.rozrazil.cz\/wp-content\/uploads\/fotky-z-dinosauri-vikendovky-v-plzni-2019-od-anicky-a-cinthie\/2019\/04\/IMG_20190406_145301-150x150.jpg\" width=\"150\" height=\"150\" alt=\"\" \/><\/a>\r\n<\/dt><\/dl><br style=\"clear: both\" \/><dl class=\"gallery-item\">\n<dt class=\"gallery-icon\">\r\n<a href=\"https:\/\/www.rozrazil.cz\/wp-content\/uploads\/fotky-z-dinosauri-vikendovky-v-plzni-2019-od-anicky-a-cinthie\/2019\/04\/IMG_20190406_142816-1024x576.jpg\" title=\"\" rel=\"gallery1\"><img loading=\"lazy\" decoding=\"async\" src=\"https:\/\/www.rozrazil.cz\/wp-content\/uploads\/fotky-z-dinosauri-vikendovky-v-plzni-2019-od-anicky-a-cinthie\/2019\/04\/IMG_20190406_142816-150x150.jpg\" width=\"150\" height=\"150\" alt=\"\" \/><\/a>\r\n<\/dt><\/dl><dl class=\"gallery-item\">\n<dt class=\"gallery-icon\">\r\n<a href=\"https:\/\/www.rozrazil.cz\/wp-content\/uploads\/fotky-z-dinosauri-vikendovky-v-plzni-2019-od-anicky-a-cinthie\/2019\/04\/IMG_20190406_084843-1024x576.jpg\" title=\"\" rel=\"gallery1\"><img loading=\"lazy\" decoding=\"async\" src=\"https:\/\/www.rozrazil.cz\/wp-content\/uploads\/fotky-z-dinosauri-vikendovky-v-plzni-2019-od-anicky-a-cinthie\/2019\/04\/IMG_20190406_084843-150x150.jpg\" width=\"150\" height=\"150\" alt=\"\" \/><\/a>\r\n<\/dt><\/dl><dl class=\"gallery-item\">\n<dt class=\"gallery-icon\">\r\n<a href=\"https:\/\/www.rozrazil.cz\/wp-content\/uploads\/fotky-z-dinosauri-vikendovky-v-plzni-2019-od-anicky-a-cinthie\/2019\/04\/IMG_20190405_224130-1024x576.jpg\" title=\"\" rel=\"gallery1\"><img loading=\"lazy\" decoding=\"async\" src=\"https:\/\/www.rozrazil.cz\/wp-content\/uploads\/fotky-z-dinosauri-vikendovky-v-plzni-2019-od-anicky-a-cinthie\/2019\/04\/IMG_20190405_224130-150x150.jpg\" width=\"150\" height=\"150\" alt=\"\" \/><\/a>\r\n<\/dt><\/dl><dl class=\"gallery-item\">\n<dt class=\"gallery-icon\">\r\n<a href=\"https:\/\/www.rozrazil.cz\/wp-content\/uploads\/fotky-z-dinosauri-vikendovky-v-plzni-2019-od-anicky-a-cinthie\/2019\/04\/IMG_20190407_115221-1024x768.jpg\" title=\"\" rel=\"gallery1\"><img loading=\"lazy\" decoding=\"async\" src=\"https:\/\/www.rozrazil.cz\/wp-content\/uploads\/fotky-z-dinosauri-vikendovky-v-plzni-2019-od-anicky-a-cinthie\/2019\/04\/IMG_20190407_115221-150x150.jpg\" width=\"150\" height=\"150\" alt=\"\" \/><\/a>\r\n<\/dt><\/dl><br style=\"clear: both\" \/><dl class=\"gallery-item\">\n<dt class=\"gallery-icon\">\r\n<a href=\"https:\/\/www.rozrazil.cz\/wp-content\/uploads\/fotky-z-dinosauri-vikendovky-v-plzni-2019-od-anicky-a-cinthie\/2019\/04\/IMG_20190407_102322-e1555274998406-768x1024.jpg\" title=\"\" rel=\"gallery1\"><img loading=\"lazy\" decoding=\"async\" src=\"https:\/\/www.rozrazil.cz\/wp-content\/uploads\/fotky-z-dinosauri-vikendovky-v-plzni-2019-od-anicky-a-cinthie\/2019\/04\/IMG_20190407_102322-e1555274998406-150x150.jpg\" width=\"150\" height=\"150\" alt=\"\" \/><\/a>\r\n<\/dt><\/dl><dl class=\"gallery-item\">\n<dt class=\"gallery-icon\">\r\n<a href=\"https:\/\/www.rozrazil.cz\/wp-content\/uploads\/fotky-z-dinosauri-vikendovky-v-plzni-2019-od-anicky-a-cinthie\/2019\/04\/IMG_20190406_141713-1024x768.jpg\" title=\"\" rel=\"gallery1\"><img loading=\"lazy\" decoding=\"async\" src=\"https:\/\/www.rozrazil.cz\/wp-content\/uploads\/fotky-z-dinosauri-vikendovky-v-plzni-2019-od-anicky-a-cinthie\/2019\/04\/IMG_20190406_141713-150x150.jpg\" width=\"150\" height=\"150\" alt=\"\" \/><\/a>\r\n<\/dt><\/dl><dl class=\"gallery-item\">\n<dt class=\"gallery-icon\">\r\n<a href=\"https:\/\/www.rozrazil.cz\/wp-content\/uploads\/fotky-z-dinosauri-vikendovky-v-plzni-2019-od-anicky-a-cinthie\/2019\/04\/IMG_20190406_130013-e1555275052865-768x1024.jpg\" title=\"\" rel=\"gallery1\"><img loading=\"lazy\" decoding=\"async\" src=\"https:\/\/www.rozrazil.cz\/wp-content\/uploads\/fotky-z-dinosauri-vikendovky-v-plzni-2019-od-anicky-a-cinthie\/2019\/04\/IMG_20190406_130013-e1555275052865-150x150.jpg\" width=\"150\" height=\"150\" alt=\"\" \/><\/a>\r\n<\/dt><\/dl><dl class=\"gallery-item\">\n<dt class=\"gallery-icon\">\r\n<a href=\"https:\/\/www.rozrazil.cz\/wp-content\/uploads\/fotky-z-dinosauri-vikendovky-v-plzni-2019-od-anicky-a-cinthie\/2019\/04\/IMG_20190406_122844-e1555275145269-768x1024.jpg\" title=\"\" rel=\"gallery1\"><img loading=\"lazy\" decoding=\"async\" src=\"https:\/\/www.rozrazil.cz\/wp-content\/uploads\/fotky-z-dinosauri-vikendovky-v-plzni-2019-od-anicky-a-cinthie\/2019\/04\/IMG_20190406_122844-e1555275145269-150x150.jpg\" width=\"150\" height=\"150\" alt=\"\" \/><\/a>\r\n<\/dt><\/dl><br style=\"clear: both\" \/><dl class=\"gallery-item\">\n<dt class=\"gallery-icon\">\r\n<a href=\"https:\/\/www.rozrazil.cz\/wp-content\/uploads\/fotky-z-dinosauri-vikendovky-v-plzni-2019-od-anicky-a-cinthie\/2019\/04\/IMG_20190406_120117-e1555275217896-768x1024.jpg\" title=\"\" rel=\"gallery1\"><img loading=\"lazy\" decoding=\"async\" src=\"https:\/\/www.rozrazil.cz\/wp-content\/uploads\/fotky-z-dinosauri-vikendovky-v-plzni-2019-od-anicky-a-cinthie\/2019\/04\/IMG_20190406_120117-e1555275217896-150x150.jpg\" width=\"150\" height=\"150\" alt=\"\" \/><\/a>\r\n<\/dt><\/dl><dl class=\"gallery-item\">\n<dt class=\"gallery-icon\">\r\n<a href=\"https:\/\/www.rozrazil.cz\/wp-content\/uploads\/fotky-z-dinosauri-vikendovky-v-plzni-2019-od-anicky-a-cinthie\/2019\/04\/IMG_20190406_120100-1024x768.jpg\" title=\"\" rel=\"gallery1\"><img loading=\"lazy\" decoding=\"async\" src=\"https:\/\/www.rozrazil.cz\/wp-content\/uploads\/fotky-z-dinosauri-vikendovky-v-plzni-2019-od-anicky-a-cinthie\/2019\/04\/IMG_20190406_120100-150x150.jpg\" width=\"150\" height=\"150\" alt=\"\" \/><\/a>\r\n<\/dt><\/dl>\r\n\t\t\t<br style='clear: both' \/>\r\n\t\t<\/div>\n\n","protected":false},"excerpt":{"rendered":"","protected":false},"author":20,"featured_media":0,"parent":30207,"menu_order":0,"comment_status":"closed","ping_status":"closed","template":"","meta":{"_bbp_topic_count":0,"_bbp_reply_count":0,"_bbp_total_topic_count":0,"_bbp_total_reply_count":0,"_bbp_voice_count":0,"_bbp_anonymous_reply_count":0,"_bbp_topic_count_hidden":0,"_bbp_reply_count_hidden":0,"_bbp_forum_subforum_count":0,"footnotes":""},"_links":{"self":[{"href":"https:\/\/www.rozrazil.cz\/index.php?rest_route=\/wp\/v2\/pages\/30530"}],"collection":[{"href":"https:\/\/www.rozrazil.cz\/index.php?rest_route=\/wp\/v2\/pages"}],"about":[{"href":"https:\/\/www.rozrazil.cz\/index.php?rest_route=\/wp\/v2\/types\/page"}],"author":[{"embeddable":true,"href":"https:\/\/www.rozrazil.cz\/index.php?rest_route=\/wp\/v2\/users\/20"}],"replies":[{"embeddable":true,"href":"https:\/\/www.rozrazil.cz\/index.php?rest_route=%2Fwp%2Fv2%2Fcomments&post=30530"}],"version-history":[{"count":4,"href":"https:\/\/www.rozrazil.cz\/index.php?rest_route=\/wp\/v2\/pages\/30530\/revisions"}],"predecessor-version":[{"id":30623,"href":"https:\/\/www.rozrazil.cz\/index.php?rest_route=\/wp\/v2\/pages\/30530\/revisions\/30623"}],"up":[{"embeddable":true,"href":"https:\/\/www.rozrazil.cz\/index.php?rest_route=\/wp\/v2\/pages\/30207"}],"wp:attachment":[{"href":"https:\/\/www.rozrazil.cz\/index.php?rest_route=%2Fwp%2Fv2%2Fmedia&parent=30530"}],"curies":[{"name":"wp","href":"https:\/\/api.w.org\/{rel}","templated":true}]}}