{"id":29321,"date":"2018-07-17T19:46:20","date_gmt":"2018-07-17T19:46:20","guid":{"rendered":"https:\/\/www.rozrazil.cz\/?page_id=29321"},"modified":"2020-11-05T13:29:06","modified_gmt":"2020-11-05T11:29:06","slug":"osobni-udaje","status":"publish","type":"page","link":"https:\/\/www.rozrazil.cz\/?page_id=29321","title":{"rendered":"GDPR"},"content":{"rendered":"<p><strong>Podm\u00ednky zpracov\u00e1n\u00ed osobn\u00edch \u00fadaj\u016f ve Spolku Rozrazil<\/strong><br \/>\nSpolek Rozrazil p\u0159i sv\u00e9 \u010dinnosti zpracov\u00e1v\u00e1 va\u0161e osobn\u00ed \u00fadaje. \u010cin\u00ed tak v souladu s platn\u00fdm pr\u00e1vn\u00edm \u0159\u00e1dem. V tomto dokumentu najdete informace o tom, kter\u00fdch osobn\u00edch \u00fadaj\u016f se zpracov\u00e1n\u00ed t\u00fdk\u00e1, jak\u00fd je \u00fa\u010del tohoto zpracov\u00e1n\u00ed a tak\u00e9 jak\u00fdm zp\u016fsobem je s t\u011bmito osobn\u00edmi \u00fadaji nakl\u00e1d\u00e1no. Spr\u00e1vce osobn\u00edch \u00fadaj\u016f Jak ji\u017e bylo uvedeno, spr\u00e1vcem va\u0161ich osobn\u00edch \u00fadaj\u016f je Spolek Rozrazil, se s\u00eddlem Kosteleck\u00e1 508, 251 68 Kamenice &#8211; Skuhe\u0159, I\u010c 485 494 36.<\/p>\n<p><strong>Osobn\u00ed \u00fadaje a \u00fa\u010dely zpracov\u00e1n\u00ed<\/strong><br \/>\nSpolek Rozrazil v\u00e1s m\u016f\u017ee po\u017e\u00e1dat o poskytnut\u00ed va\u0161ich osobn\u00edch \u00fadaj\u016f v r\u016fzn\u00fdch situac\u00edch a za r\u016fzn\u00fdmi \u00fa\u010dely. Osobn\u00ed \u00fadaje zpracov\u00e1v\u00e1me pouze v rozsahu, kter\u00fd je nezbytn\u00fd pro napln\u011bn\u00ed \u00fa\u010delu, kv\u016fli n\u011bmu\u017e byly poskytnuty. Va\u0161e osobn\u00ed \u00fadaje zpracov\u00e1v\u00e1me zejm\u00e9na na podklad\u011b va\u0161eho smluvn\u00edho vztahu k Spolku Rozrazil, kter\u00fd m\u016f\u017ee b\u00fdt d\u00e1n t\u00edm, \u017ee jste jeho \u010dlenem, \u00fa\u010dastn\u00edkem n\u011bkter\u00e9 z jeho akc\u00ed nebo d\u00e1rcem. V dal\u0161\u00edch p\u0159\u00edpadech zpracov\u00e1v\u00e1me va\u0161e osobn\u00ed \u00fadaje na podklad\u011b opr\u00e1vn\u011bn\u00fdch z\u00e1jm\u016f Spolku Rozrazil spo\u010d\u00edvaj\u00edc\u00edch zejm\u00e9na ve vz\u00e1jemn\u00e9 komunikaci a zas\u00edl\u00e1n\u00ed relevantn\u00edch nab\u00eddek na\u0161\u00ed \u010dinnosti a mo\u017enost\u00ed podpory. D\u00e1le mohou b\u00fdt t\u011bmito opr\u00e1vn\u011bn\u00fdmi z\u00e1jmy rovn\u011b\u017e p\u0159\u00edpadn\u00e9 budouc\u00ed n\u00e1roky z titulu n\u00e1hradu majetkov\u00e9 a nemajetkov\u00e9 \u00fajmy vznikl\u00e9 p\u0159i akc\u00edch a \u010dinnostech po\u0159\u00e1dan\u00fdch Spolkem Rozrazil. Tam, kde va\u0161e osobn\u00ed \u00fadaje zpracov\u00e1v\u00e1me na podklad\u011b v\u00e1mi ud\u011blen\u00e9ho souhlasu s t\u00edmto zpracov\u00e1n\u00edm, v\u00e1s o t\u00e9to skute\u010dnosti informuje p\u0159edem pov\u011b\u0159en\u00fd z\u00e1stupce Spolek Rozrazil.<\/p>\n<p><strong>Osobn\u00ed \u00fadaje \u010dlen\u016f a p\u0159\u00edznivc\u016f<\/strong><br \/>\nOsobn\u00ed \u00fadaje shroma\u017e\u010fujeme v p\u0159\u00edpad\u011b vzniku \u010dlenstv\u00ed v Spolku Rozrazil nebo pokud jste<br \/>\nse stali p\u0159\u00edznivci Spolku Rozrazil. V tomto p\u0159\u00edpad\u011b zpracov\u00e1v\u00e1me va\u0161e kontaktn\u00ed \u00fadaje, a to za \u00fa\u010delem va\u0161\u00ed identifikace a budouc\u00ed komunikace s v\u00e1mi. Rovn\u011b\u017e pro \u00fa\u010dely vnit\u0159n\u00ed anal\u00fdzy zpracov\u00e1v\u00e1me \u00fadaje o hrazen\u00fdch \u010dlensk\u00fdch p\u0159\u00edsp\u011bvc\u00edch, druz\u00edch va\u0161eho \u010dlenstv\u00ed, o datech vzniku, obnoven\u00ed a z\u00e1niku \u010dlenstv\u00ed, a d\u00e1le o funkc\u00edch, kter\u00e9 v Spolku Rozrazil zast\u00e1v\u00e1te nebo jste v minulosti zast\u00e1vali. Va\u0161e osobn\u00ed \u00fadaje zpracov\u00e1v\u00e1me tak\u00e9 v p\u0159\u00edpad\u011b, \u017ee projev\u00edte z\u00e1jem st\u00e1t se \u010dlenem, ale \u010dlenstv\u00ed v\u00e1m z r\u016fzn\u00fdch d\u016fvod\u016f nevznikne. \u00da\u010delem takov\u00e9ho zpracov\u00e1n\u00ed mo\u017enost v\u00e1s d\u00e1le kontaktovat a umo\u017enit v\u00e1m st\u00e1t se \u010dlenem Spolku Rozrazil, pokud v\u00e1\u0161 z\u00e1jem d\u00e1le p\u0159etrv\u00e1v\u00e1.<\/p>\n<p><strong>Osobn\u00ed \u00fadaje \u00fa\u010dastn\u00edk\u016f akc\u00ed<\/strong><br \/>\nV p\u0159\u00edpad\u011b, \u017ee poskytujete Spolek Rozrazil sv\u00e9 osobn\u00ed \u00fadaje v souvislosti s \u00fa\u010dast\u00ed na n\u011bkter\u00e9 z akc\u00ed nebo pravideln\u00e9 \u010dinnosti, mohou b\u00fdt v\u00e1mi poskytnuty krom\u011b kontaktn\u00edch \u00fadaj\u016f i tzv. zvl\u00e1\u0161tn\u00ed osobn\u00ed \u00fadaje, zejm\u00e9na \u00fadaje o va\u0161em zdravotn\u00edm stavu. P\u0159i jejich zpracov\u00e1n\u00ed db\u00e1me zvl\u00e1\u0161t\u011b pe\u010dliv\u011b na to, aby nedo\u0161lo k jejich zneu\u017eit\u00ed a tyto \u00fadaje jsou n\u00e1mi zpracov\u00e1v\u00e1ny pouze po dobu nezbytn\u011b nutnou. \u00da\u010delem zpracov\u00e1n\u00ed t\u011bchto osobn\u00edch \u00fadaj\u016f je zejm\u00e9na ochrana va\u0161eho zdrav\u00ed a bezpe\u010d\u00ed na t\u011bchto akc\u00edch, zpracov\u00e1n\u00ed t\u011bchto \u00fadaj\u016f je nezbytn\u00e9 rovn\u011b\u017e s ohledem na p\u0159edpisy upravuj\u00edc\u00ed oblast bezpe\u010dnosti a ochrany zdrav\u00ed p\u0159i pr\u00e1ci. Jin\u00e9 zvl\u00e1\u0161tn\u00ed osobn\u00ed \u00fadaje, ne\u017e \u00fadaje o va\u0161em zdravotn\u00edm stavu mohou b\u00fdt tak\u00e9 zpracov\u00e1v\u00e1ny za \u00fa\u010delem realizace programu akce, j\u00ed\u017e se \u00fa\u010dastn\u00edte. V souvislosti s va\u0161\u00ed \u00fa\u010dast\u00ed na n\u011bkter\u00e9 akci po\u0159\u00e1dan\u00e9 Spolkem Rozrazil zpracov\u00e1v\u00e1me tak\u00e9 fotografie, videa a zvukov\u00e9 z\u00e1znamy z t\u011bchto akc\u00ed, kter\u00e9 mohou obsahovat zachycen\u00ed va\u0161\u00ed podoby nebo va\u0161ich osobn\u00edch projev\u016f. Tyto osobn\u00ed \u00fadaje zpracov\u00e1v\u00e1me na z\u00e1klad\u011b va\u0161eho souhlasu, kter\u00fd je vy\u017eadov\u00e1n p\u0159ed va\u0161\u00ed \u00fa\u010dast\u00ed na takov\u00e9 akci, neumo\u017e\u0148uje-li n\u00e1m takov\u00e9<br \/>\nzpracov\u00e1n\u00ed z\u00e1kon. Tyto osobn\u00ed \u00fadaje zpracov\u00e1v\u00e1me za \u00fa\u010delem propagace \u010dinnosti Spolku<br \/>\nRozrazil. Pro \u00fa\u010dely vnit\u0159n\u00ed anal\u00fdzy a pl\u00e1nov\u00e1n\u00ed na\u0161\u00ed \u010dinnosti d\u00e1le zpracov\u00e1v\u00e1me \u00fadaje o tom, kter\u00fdch akc\u00ed jste se \u00fa\u010dastnili. Va\u0161e kontaktn\u00ed \u00fadaje zpracov\u00e1v\u00e1me i v p\u0159\u00edpad\u011b, kdy jste se nakonec pl\u00e1novan\u00e9 akce nez\u00fa\u010dastnili, v\u010detn\u011b p\u0159\u00edpadn\u00e9ho d\u016fvodu ne\u00fa\u010dasti, je-li poskytnut. \u00da\u010delem tohoto zpracov\u00e1n\u00ed je p\u0159\u00edpadn\u00e1 nab\u00eddka dal\u0161\u00ed \u010dinnosti Spolku Rozrazil, do n\u00ed\u017e se lze zapojit a d\u00e1le tak\u00e9 vnit\u0159n\u00ed anal\u00fdza.<\/p>\n<p><strong>Osobn\u00ed \u00fadaje d\u00e1rc\u016f<\/strong><\/p>\n<p>Va\u0161e osobn\u00ed \u00fadaje zpracov\u00e1v\u00e1me rovn\u011b\u017e tehdy, jestli\u017ee jste Spolku Rozrazil poskytli pen\u011b\u017en\u00ed nebo jin\u00fd dar. V tomto p\u0159\u00edpad\u011b zpracov\u00e1v\u00e1me va\u0161e kontaktn\u00ed \u00fadaje a d\u00e1le \u00fadaje<br \/>\no poskytnut\u00fdch darech. Va\u0161e osobn\u00ed \u00fadaje mohou b\u00fdt tak\u00e9 zve\u0159ejn\u011bny, pokud jste zaslali pen\u011b\u017en\u00ed prost\u0159edky na transparentn\u00ed \u00fa\u010det Spolku Rozrazil v rozsahu, v jak\u00e9m vypln\u00edte tyto \u00fadaje do p\u0159\u00edslu\u0161n\u00fdch platebn\u00edch p\u0159\u00edkaz\u016f. Transparentn\u00ed \u00fa\u010det najdete <a href=\"https:\/\/www.rb.cz\/o-nas\/povinne-uverejnovane-informace\/transparentni-ucty?mvcPath=transactions&amp;accountNumber=3251271001\">zde<\/a>.<\/p>\n<p>Va\u0161e kontaktn\u00ed \u00fadaje zpracov\u00e1v\u00e1me i tehdy, jestli\u017ee jste projevili z\u00e1jem st\u00e1t se d\u00e1rcem<br \/>\nSpolku Rozrazil, nicm\u00e9n\u011b nakonec k poskytnut\u00ed daru nedo\u0161lo. \u00da\u010delem zpracov\u00e1n\u00ed je vz\u00e1jemn\u00e1 komunikace a vnit\u0159n\u00ed anal\u00fdza.<\/p>\n<p><strong>Osobn\u00ed \u00fadaje dal\u0161\u00ed osob<\/strong><br \/>\nVyjma shora uveden\u00fdch situac\u00ed je mo\u017en\u00e9, \u017ee jste poskytli Spolku Rozrazil sv\u00e9 kontaktn\u00ed \u00fadaje v souvislosti s dal\u0161\u00ed \u010dinnost\u00ed Spolku Rozrazil, jako je podepisov\u00e1n\u00ed petic, \u00fa\u010dast v n\u00e1mi organizovan\u00fdch sout\u011b\u017e\u00edch, zakoupen\u00ed zbo\u017e\u00ed, p\u0159ihl\u00e1\u0161en\u00ed k odb\u011bru informac\u00ed o na\u0161\u00ed \u010dinnosti vyu\u017eit\u00ed n\u00e1mi poskytovan\u00fdch slu\u017eeb. V t\u011bchto p\u0159\u00edpadech zpracov\u00e1v\u00e1me va\u0161e kontaktn\u00ed \u00fadaje nezbytn\u011b nutn\u00e9 pro realizaci dan\u00e9 \u010dinnosti. Krom\u011b kontaktn\u00edch \u00fadaj\u016f m\u016f\u017eeme zpracov\u00e1vat i dal\u0161\u00ed va\u0161e osobn\u00ed \u00fadaje je-li to nezbytn\u011b nutn\u00e9 pro realizaci dan\u00e9 \u010dinnosti.<\/p>\n<p><strong>Osobn\u00ed \u00fadaje p\u0159i vyu\u017eit\u00ed webov\u00fdch str\u00e1nek a webov\u00fdch slu\u017eeb (cookies)<\/strong><br \/>\nAbyste se mohli jednodu\u0161e zapojit do na\u0161ich diskuz\u00ed, na\u0161e str\u00e1nky obsahuj\u00ed odkazy na r\u016fzn\u00e9 soci\u00e1ln\u00ed s\u00edt\u011b, jako jsou Facebook, Twitter, Youtube, apod. Tyto odkazy nejsou sou\u010d\u00e1st\u00ed na\u0161ich webov\u00fdch str\u00e1nek, ale str\u00e1nek t\u0159et\u00edch osob, kter\u00e9 mohou pou\u017e\u00edvat cookies sleduj\u00edc\u00ed Va\u0161i \u010dinnost na internetu. Cookies t\u0159et\u00edch osob se \u0159\u00edd\u00ed jin\u00fdmi z\u00e1sadami ochrany osobn\u00edch \u00fadaj\u016f ne\u017e tyto str\u00e1nky. Cookies m\u016f\u017eete zablokovat v nastaven\u00ed Va\u0161eho internetov\u00e9ho prohl\u00ed\u017ee\u010de. Na\u0161e str\u00e1nky obsahuj\u00ed tak\u00e9 cookies, kter\u00e9 jsou nezbytn\u00e9 k jejich fungov\u00e1n\u00ed. Spolek Rozrazil nesb\u00edr\u00e1 prost\u0159ednictv\u00edm funk\u010dn\u00edch cookies \u017e\u00e1dn\u00e9 osobn\u00ed \u00fadaje.<\/p>\n<p><strong>Sd\u00edlen\u00ed \u00fadaj\u016f se t\u0159et\u00edmi osobami<\/strong><\/p>\n<p>Spolek Rozrazil neposkytuje va\u0161e osobn\u00ed \u00fadaje t\u0159et\u00edm osob\u00e1m, vyjma \u00fadaj\u016f, kter\u00e9 jste<br \/>\nposkytli prost\u0159ednictv\u00edm petice. Takov\u00e9to \u00fadaje jsou poskytov\u00e1ny takov\u00fdm t\u0159et\u00edm osob\u00e1m<br \/>\na takov\u00fdm zp\u016fsobem, aby byl napln\u011bn \u00fa\u010del petice. D\u00e1le mohou b\u00fdt va\u0161e osobn\u00ed \u00fadaje poskytnuty org\u00e1n\u016fm ve\u0159ejn\u00e9 moci v p\u0159\u00edpadech, kdy je zah\u00e1jena kontrola nakl\u00e1d\u00e1n\u00ed s ve\u0159ejnou finan\u010dn\u00ed podporou poskytnutou Spolku Rozrazil dle p\u0159\u00edslu\u0161n\u00e9ho z\u00e1kona. Rovn\u011b\u017e mohou b\u00fdt va\u0161e osobn\u00ed \u00fadaje poskytnuty t\u0159et\u00ed stran\u011b za \u00fa\u010delem kontroly nakl\u00e1d\u00e1n\u00ed s darem poskytnut\u00fdm Spolkem Rozrazil soukromou osobou, jestli\u017ee je takov\u00e9 opr\u00e1vn\u011bn\u00ed zakotveno v p\u0159\u00edslu\u0161n\u00e9 smlouv\u011b a je nezbytn\u00e9 pro proveden\u00ed kontroly.<\/p>\n<p><strong>P\u0159\u00edstup k osobn\u00edm \u00fadaj\u016fm ve Spolku Rozrazil<\/strong><\/p>\n<p>P\u0159\u00edstup k va\u0161im osobn\u00edm \u00fadaj\u016fm se v r\u00e1mci Spolku Rozrazil \u0159\u00edd\u00ed zvl\u00e1\u0161tn\u00edm organiza\u010dn\u00edm<br \/>\npokynem statut\u00e1rn\u00edm org\u00e1nem Spolku Rozrazil. Tento organiza\u010dn\u00ed pokyn je z\u00e1vazn\u00fd pro<br \/>\nv\u0161echny \u010dleny Spolku Rozrazil a ukl\u00e1d\u00e1 v\u0161em \u010dlen\u016fm Spolku Rozrazil a jeho\u00a0 zam\u011bstnanc\u016fm ve vztahu k va\u0161im osobn\u00edm \u00fadaj\u016fm povinnost ml\u010denlivosti. K va\u0161im osobn\u00edm \u00fadaj\u016fm mohou v Spolku Rozrazil p\u0159istupovat pouze osoby vymezen\u00e9<br \/>\nv tomto organiza\u010dn\u00edm pokynu a pouze v rozsahu nezbytn\u011b nutn\u00e9m pro v\u00fdkon jejich \u010dinnosti. Spolek Rozrazil p\u0159ijalo rovn\u011b\u017e dal\u0161\u00ed dostate\u010dn\u00e1 technick\u00e1 a organiza\u010dn\u00ed opat\u0159en\u00ed, aby k va\u0161im osobn\u00edm \u00fadaj\u016fm nemohly p\u0159istupovat nepovolan\u00e9 osoby a aby nemohlo doj\u00edt k jejich zneu\u017eit\u00ed.<\/p>\n<p><strong>Doba zpracov\u00e1n\u00ed osobn\u00edch \u00fadaj\u016f<\/strong><br \/>\nSpolek Rozrazil zpracov\u00e1v\u00e1 va\u0161e osobn\u00ed \u00fadaje po dobu nezbytn\u011b nutnou pro \u00fa\u010dely jejich<br \/>\nzpracov\u00e1n\u00ed. Kontaktn\u00ed \u00fadaje \u010dlen\u016f a p\u0159\u00edznivc\u016f zpracov\u00e1v\u00e1me po dobu trv\u00e1n\u00ed \u010dlenstv\u00ed, \u010di po dobu, kdy je osoba aktivn\u00edm p\u0159\u00edznivcem Spolku Rozrazil a d\u00e1le po dobu 20 let od z\u00e1niku \u010dlenstv\u00ed nebo od z\u00e1niku statusu p\u0159\u00edznivce. Kontaktn\u00ed \u00fadaje \u00fa\u010dastn\u00edk\u016f akc\u00ed zpracov\u00e1v\u00e1me po dobu 50 let od \u00fa\u010dasti na posledn\u00ed akci Spolku Rozrazil. Kontaktn\u00ed \u00fadaje d\u00e1rc\u016f zpracov\u00e1v\u00e1me po dobu 10 let od poskytnut\u00ed posledn\u00edho daru. Kontaktn\u00ed \u00fadaje ostatn\u00edch osob zpracov\u00e1v\u00e1me nejd\u00e9le po dobu 10 let od realizace \u00fa\u010delu, za n\u00edm\u017e byly va\u0161e osobn\u00ed \u00fadaje poskytnuty.<\/p>\n<p>Zvl\u00e1\u0161tn\u00ed osobn\u00ed \u00fadaje zpracov\u00e1v\u00e1me pouze po dobu nezbytn\u011b nutnou, zejm\u00e9na po dobu<br \/>\nkon\u00e1n\u00ed akce a po dobu nezbytn\u011b nutnou po skon\u010den\u00ed akce. Pokud n\u00e1m z\u00e1kon ukl\u00e1d\u00e1<br \/>\nuchov\u00e1vat tyto zvl\u00e1\u0161tn\u00ed \u00fadaje po del\u0161\u00ed dobu, zpracov\u00e1v\u00e1me tyto \u00fadaje po dobu vymezenou<br \/>\np\u0159\u00edslu\u0161n\u00fdm pr\u00e1vn\u00edm p\u0159edpisem. Fotografie, videa, zvukov\u00e9 z\u00e1znamy zachycuj\u00edc\u00ed podobu \u00fa\u010dastn\u00edk\u016f n\u00e1mi po\u0159\u00e1dan\u00fdch akc\u00ed a jejich projevy osobn\u00ed povahy zpracov\u00e1v\u00e1me nejm\u00e9n\u011b po dobu 20 let. Ve vybran\u00fdch p\u0159\u00edpadech zachycen\u00ed v\u00fdznamn\u00fdch ud\u00e1lost\u00ed a akc\u00ed v Spolku Rozrazil mohou b\u00fdt tyto z\u00e1znamy uchov\u00e1v\u00e1ny a\u017e po dobu 50 let.<\/p>\n<p><strong>Uplatn\u011bn\u00ed va\u0161ich pr\u00e1v<\/strong><br \/>\nVe\u0161ker\u00e9 va\u0161e dotazy ohledn\u011b zpracov\u00e1n\u00ed va\u0161ich osobn\u00edch \u00fadaj\u016f zodpov\u00edme prost\u0159ednictv\u00edm e-mailov\u00e9 adresy: pavel.dusek<img loading=\"lazy\" decoding=\"async\" src=\"http:\/\/www.rozrazil.cz\/wp-content\/uploads\/kontakt\/2012\/09\/zavinac.png\" alt=\"zavinac\" width=\"20\" height=\"12\" \/>gmail.com. M\u00e1te pr\u00e1vo po\u017eadovat od Spr\u00e1vce informace a p\u0159\u00edstup ke sv\u00fdm osobn\u00edm \u00fadaj\u016fm, jejich opravu nebo v\u00fdmaz, pop\u0159\u00edpad\u011b omezen\u00ed zpracov\u00e1n\u00ed. V p\u0159\u00edpad\u011b, \u017ee m\u00e1te za to, \u017ee Spolek Rozrazil zpracov\u00e1v\u00e1 va\u0161e osobn\u00ed \u00fadaje v rozporu s na\u0159\u00edzen\u00edm GDPR, m\u016f\u017eete se obr\u00e1tit se st\u00ed\u017enost\u00ed na \u00da\u0159ad pro ochranu osobn\u00edch \u00fadaj\u016f. Ud\u011blen\u00fd souhlas se zpracov\u00e1n\u00edm osobn\u00edch \u00fadaj\u016f lze kdykoliv odvolat zasl\u00e1n\u00edm po\u017eadavku na adresu pavel.dusek<img loading=\"lazy\" decoding=\"async\" src=\"http:\/\/www.rozrazil.cz\/wp-content\/uploads\/kontakt\/2012\/09\/zavinac.png\" alt=\"zavinac\" width=\"20\" height=\"12\" \/>gmail.com. V takov\u00e9m p\u0159\u00edpad\u011b m\u016f\u017eeme vy\u017eadovat ov\u011b\u0159en\u00ed va\u0161\u00ed toto\u017enosti.<\/p>\n","protected":false},"excerpt":{"rendered":"<p>Podm\u00ednky zpracov\u00e1n\u00ed osobn\u00edch \u00fadaj\u016f ve Spolku Rozrazil Spolek Rozrazil p\u0159i sv\u00e9 \u010dinnosti zpracov\u00e1v\u00e1 va\u0161e osobn\u00ed \u00fadaje. \u010cin\u00ed tak v souladu s platn\u00fdm pr\u00e1vn\u00edm \u0159\u00e1dem. V tomto dokumentu najdete informace o tom, kter\u00fdch osobn\u00edch \u00fadaj\u016f se zpracov\u00e1n\u00ed t\u00fdk\u00e1, jak\u00fd je \u00fa\u010del &hellip; <a href=\"https:\/\/www.rozrazil.cz\/?page_id=29321\">Cel\u00fd p\u0159\u00edsp\u011bvek <span class=\"meta-nav\">&rarr;<\/span><\/a><\/p>\n","protected":false},"author":2,"featured_media":0,"parent":0,"menu_order":0,"comment_status":"closed","ping_status":"closed","template":"","meta":{"_bbp_topic_count":0,"_bbp_reply_count":0,"_bbp_total_topic_count":0,"_bbp_total_reply_count":0,"_bbp_voice_count":0,"_bbp_anonymous_reply_count":0,"_bbp_topic_count_hidden":0,"_bbp_reply_count_hidden":0,"_bbp_forum_subforum_count":0,"footnotes":""},"_links":{"self":[{"href":"https:\/\/www.rozrazil.cz\/index.php?rest_route=\/wp\/v2\/pages\/29321"}],"collection":[{"href":"https:\/\/www.rozrazil.cz\/index.php?rest_route=\/wp\/v2\/pages"}],"about":[{"href":"https:\/\/www.rozrazil.cz\/index.php?rest_route=\/wp\/v2\/types\/page"}],"author":[{"embeddable":true,"href":"https:\/\/www.rozrazil.cz\/index.php?rest_route=\/wp\/v2\/users\/2"}],"replies":[{"embeddable":true,"href":"https:\/\/www.rozrazil.cz\/index.php?rest_route=%2Fwp%2Fv2%2Fcomments&post=29321"}],"version-history":[{"count":4,"href":"https:\/\/www.rozrazil.cz\/index.php?rest_route=\/wp\/v2\/pages\/29321\/revisions"}],"predecessor-version":[{"id":34796,"href":"https:\/\/www.rozrazil.cz\/index.php?rest_route=\/wp\/v2\/pages\/29321\/revisions\/34796"}],"wp:attachment":[{"href":"https:\/\/www.rozrazil.cz\/index.php?rest_route=%2Fwp%2Fv2%2Fmedia&parent=29321"}],"curies":[{"name":"wp","href":"https:\/\/api.w.org\/{rel}","templated":true}]}}