{"id":26710,"date":"2016-06-15T16:04:56","date_gmt":"2016-06-15T16:04:56","guid":{"rendered":"http:\/\/www.rozrazil.cz\/?page_id=26710"},"modified":"2016-06-15T16:04:56","modified_gmt":"2016-06-15T16:04:56","slug":"fotky-ze-sondy-v-novohradkach-2016-od-bary-vachove","status":"publish","type":"page","link":"https:\/\/www.rozrazil.cz\/?page_id=26710","title":{"rendered":"Fotky ze sondy v Novohradk\u00e1ch 2016 od B\u00e1ry V\u00e1chov\u00e9"},"content":{"rendered":"\r\n\t\t<style type='text\/css'>\r\n\t\t\t#gallery-1 {\r\n\t\t\t\tmargin: auto;\r\n\t\t\t}\r\n\t\t\t#gallery-1 .gallery-item {\r\n\t\t\t\tfloat: left;\r\n\t\t\t\tmargin-top: 10px;\r\n\t\t\t\ttext-align: center;\r\n\t\t\t\twidth: 25%;\r\n\t\t\t}\r\n\t\t\t#gallery-1 img {\r\n\t\t\t\tborder: 2px solid #cfcfcf;\r\n\t\t\t}\r\n\t\t\t#gallery-1 .gallery-caption {\r\n\t\t\t\tmargin-left: 0;\r\n\t\t\t}\r\n\t\t<\/style>\r\n\t\t<!-- see gallery_shortcode() in wp-includes\/media.php -->\n\t\t<div id='gallery-1' class='gallery galleryid-26710 gallery-columns-4 gallery-size-thumbnail gallery1'><script type=\"text\/javascript\">\r\n\/\/ <![CDATA[\r\n\tjQuery(document).ready(function () {\r\n\t\tjQuery(\".gallery1 a\").attr(\"rel\",\"gallery1\");\t\r\n\t\tjQuery('a[rel=\"gallery1\"]').colorbox({maxWidth:\"95%\", maxHeight:\"95%\",title: function(){ return jQuery(this).children().attr(\"alt\"); }, });\r\n\t});\r\n\/\/ ]]>\r\n<\/script>\n<dl class=\"gallery-item\">\n<dt class=\"gallery-icon\">\r\n<a href=\"https:\/\/www.rozrazil.cz\/wp-content\/uploads\/fotky-ze-sondy-v-novohradkach-2016-od-bary-vachove\/2016\/06\/P5281661-768x1024.jpg\" title=\"OLYMPUS DIGITAL CAMERA\" rel=\"gallery1\"><img loading=\"lazy\" decoding=\"async\" src=\"https:\/\/www.rozrazil.cz\/wp-content\/uploads\/fotky-ze-sondy-v-novohradkach-2016-od-bary-vachove\/2016\/06\/P5281661-150x150.jpg\" width=\"150\" height=\"150\" alt=\"OLYMPUS DIGITAL CAMERA\" \/><\/a>\r\n<\/dt><dd class=\"gallery-caption\" id=\"caption26711\"><span class=\"imagecaption\">OLYMPUS DIGITAL CAMERA<\/span><br \/>\n<\/dd><\/dl><dl class=\"gallery-item\">\n<dt class=\"gallery-icon\">\r\n<a href=\"https:\/\/www.rozrazil.cz\/wp-content\/uploads\/fotky-ze-sondy-v-novohradkach-2016-od-bary-vachove\/2016\/06\/P5281663-1024x768.jpg\" title=\"OLYMPUS DIGITAL CAMERA\" rel=\"gallery1\"><img loading=\"lazy\" decoding=\"async\" src=\"https:\/\/www.rozrazil.cz\/wp-content\/uploads\/fotky-ze-sondy-v-novohradkach-2016-od-bary-vachove\/2016\/06\/P5281663-150x150.jpg\" width=\"150\" height=\"150\" alt=\"OLYMPUS DIGITAL CAMERA\" \/><\/a>\r\n<\/dt><dd class=\"gallery-caption\" id=\"caption26712\"><span class=\"imagecaption\">OLYMPUS DIGITAL CAMERA<\/span><br \/>\n<\/dd><\/dl><dl class=\"gallery-item\">\n<dt class=\"gallery-icon\">\r\n<a href=\"https:\/\/www.rozrazil.cz\/wp-content\/uploads\/fotky-ze-sondy-v-novohradkach-2016-od-bary-vachove\/2016\/06\/P5281669-768x1024.jpg\" title=\"OLYMPUS DIGITAL CAMERA\" rel=\"gallery1\"><img loading=\"lazy\" decoding=\"async\" src=\"https:\/\/www.rozrazil.cz\/wp-content\/uploads\/fotky-ze-sondy-v-novohradkach-2016-od-bary-vachove\/2016\/06\/P5281669-150x150.jpg\" width=\"150\" height=\"150\" alt=\"OLYMPUS DIGITAL CAMERA\" \/><\/a>\r\n<\/dt><dd class=\"gallery-caption\" id=\"caption26713\"><span class=\"imagecaption\">OLYMPUS DIGITAL CAMERA<\/span><br \/>\n<\/dd><\/dl><dl class=\"gallery-item\">\n<dt class=\"gallery-icon\">\r\n<a href=\"https:\/\/www.rozrazil.cz\/wp-content\/uploads\/fotky-ze-sondy-v-novohradkach-2016-od-bary-vachove\/2016\/06\/P5281675-768x1024.jpg\" title=\"OLYMPUS DIGITAL CAMERA\" rel=\"gallery1\"><img loading=\"lazy\" decoding=\"async\" src=\"https:\/\/www.rozrazil.cz\/wp-content\/uploads\/fotky-ze-sondy-v-novohradkach-2016-od-bary-vachove\/2016\/06\/P5281675-150x150.jpg\" width=\"150\" height=\"150\" alt=\"OLYMPUS DIGITAL CAMERA\" \/><\/a>\r\n<\/dt><dd class=\"gallery-caption\" id=\"caption26714\"><span class=\"imagecaption\">OLYMPUS DIGITAL CAMERA<\/span><br \/>\n<\/dd><\/dl><br style=\"clear: both\" \/><dl class=\"gallery-item\">\n<dt class=\"gallery-icon\">\r\n<a href=\"https:\/\/www.rozrazil.cz\/wp-content\/uploads\/fotky-ze-sondy-v-novohradkach-2016-od-bary-vachove\/2016\/06\/P5281677-1024x768.jpg\" title=\"Leopoldschlag\" rel=\"gallery1\"><img loading=\"lazy\" decoding=\"async\" src=\"https:\/\/www.rozrazil.cz\/wp-content\/uploads\/fotky-ze-sondy-v-novohradkach-2016-od-bary-vachove\/2016\/06\/P5281677-150x150.jpg\" width=\"150\" height=\"150\" alt=\"Leopoldschlag\" \/><\/a>\r\n<\/dt><dd class=\"gallery-caption\" id=\"caption26715\"><span class=\"imagecaption\">Leopoldschlag<\/span><br \/>\n<\/dd><\/dl><dl class=\"gallery-item\">\n<dt class=\"gallery-icon\">\r\n<a href=\"https:\/\/www.rozrazil.cz\/wp-content\/uploads\/fotky-ze-sondy-v-novohradkach-2016-od-bary-vachove\/2016\/06\/P5281679-1024x777.jpg\" title=\"OLYMPUS DIGITAL CAMERA\" rel=\"gallery1\"><img loading=\"lazy\" decoding=\"async\" src=\"https:\/\/www.rozrazil.cz\/wp-content\/uploads\/fotky-ze-sondy-v-novohradkach-2016-od-bary-vachove\/2016\/06\/P5281679-150x150.jpg\" width=\"150\" height=\"150\" alt=\"OLYMPUS DIGITAL CAMERA\" \/><\/a>\r\n<\/dt><dd class=\"gallery-caption\" id=\"caption26716\"><span class=\"imagecaption\">OLYMPUS DIGITAL CAMERA<\/span><br \/>\n<\/dd><\/dl><dl class=\"gallery-item\">\n<dt class=\"gallery-icon\">\r\n<a href=\"https:\/\/www.rozrazil.cz\/wp-content\/uploads\/fotky-ze-sondy-v-novohradkach-2016-od-bary-vachove\/2016\/06\/P5281680-768x1024.jpg\" title=\"OLYMPUS DIGITAL CAMERA\" rel=\"gallery1\"><img loading=\"lazy\" decoding=\"async\" src=\"https:\/\/www.rozrazil.cz\/wp-content\/uploads\/fotky-ze-sondy-v-novohradkach-2016-od-bary-vachove\/2016\/06\/P5281680-150x150.jpg\" width=\"150\" height=\"150\" alt=\"OLYMPUS DIGITAL CAMERA\" \/><\/a>\r\n<\/dt><dd class=\"gallery-caption\" id=\"caption26717\"><span class=\"imagecaption\">OLYMPUS DIGITAL CAMERA<\/span><br \/>\n<\/dd><\/dl><dl class=\"gallery-item\">\n<dt class=\"gallery-icon\">\r\n<a href=\"https:\/\/www.rozrazil.cz\/wp-content\/uploads\/fotky-ze-sondy-v-novohradkach-2016-od-bary-vachove\/2016\/06\/P5281681-768x1024.jpg\" title=\"OLYMPUS DIGITAL CAMERA\" rel=\"gallery1\"><img loading=\"lazy\" decoding=\"async\" src=\"https:\/\/www.rozrazil.cz\/wp-content\/uploads\/fotky-ze-sondy-v-novohradkach-2016-od-bary-vachove\/2016\/06\/P5281681-150x150.jpg\" width=\"150\" height=\"150\" alt=\"OLYMPUS DIGITAL CAMERA\" \/><\/a>\r\n<\/dt><dd class=\"gallery-caption\" id=\"caption26718\"><span class=\"imagecaption\">OLYMPUS DIGITAL CAMERA<\/span><br \/>\n<\/dd><\/dl><br style=\"clear: both\" \/><dl class=\"gallery-item\">\n<dt class=\"gallery-icon\">\r\n<a href=\"https:\/\/www.rozrazil.cz\/wp-content\/uploads\/fotky-ze-sondy-v-novohradkach-2016-od-bary-vachove\/2016\/06\/P5281682-768x1024.jpg\" title=\"OLYMPUS DIGITAL CAMERA\" rel=\"gallery1\"><img loading=\"lazy\" decoding=\"async\" src=\"https:\/\/www.rozrazil.cz\/wp-content\/uploads\/fotky-ze-sondy-v-novohradkach-2016-od-bary-vachove\/2016\/06\/P5281682-150x150.jpg\" width=\"150\" height=\"150\" alt=\"OLYMPUS DIGITAL CAMERA\" \/><\/a>\r\n<\/dt><dd class=\"gallery-caption\" id=\"caption26719\"><span class=\"imagecaption\">OLYMPUS DIGITAL CAMERA<\/span><br \/>\n<\/dd><\/dl><dl class=\"gallery-item\">\n<dt class=\"gallery-icon\">\r\n<a href=\"https:\/\/www.rozrazil.cz\/wp-content\/uploads\/fotky-ze-sondy-v-novohradkach-2016-od-bary-vachove\/2016\/06\/P5281683-768x1024.jpg\" title=\"OLYMPUS DIGITAL CAMERA\" rel=\"gallery1\"><img loading=\"lazy\" decoding=\"async\" src=\"https:\/\/www.rozrazil.cz\/wp-content\/uploads\/fotky-ze-sondy-v-novohradkach-2016-od-bary-vachove\/2016\/06\/P5281683-150x150.jpg\" width=\"150\" height=\"150\" alt=\"OLYMPUS DIGITAL CAMERA\" \/><\/a>\r\n<\/dt><dd class=\"gallery-caption\" id=\"caption26720\"><span class=\"imagecaption\">OLYMPUS DIGITAL CAMERA<\/span><br \/>\n<\/dd><\/dl><dl class=\"gallery-item\">\n<dt class=\"gallery-icon\">\r\n<a href=\"https:\/\/www.rozrazil.cz\/wp-content\/uploads\/fotky-ze-sondy-v-novohradkach-2016-od-bary-vachove\/2016\/06\/P5281684-768x1024.jpg\" title=\"OLYMPUS DIGITAL CAMERA\" rel=\"gallery1\"><img loading=\"lazy\" decoding=\"async\" src=\"https:\/\/www.rozrazil.cz\/wp-content\/uploads\/fotky-ze-sondy-v-novohradkach-2016-od-bary-vachove\/2016\/06\/P5281684-150x150.jpg\" width=\"150\" height=\"150\" alt=\"OLYMPUS DIGITAL CAMERA\" \/><\/a>\r\n<\/dt><dd class=\"gallery-caption\" id=\"caption26721\"><span class=\"imagecaption\">OLYMPUS DIGITAL CAMERA<\/span><br \/>\n<\/dd><\/dl><dl class=\"gallery-item\">\n<dt class=\"gallery-icon\">\r\n<a href=\"https:\/\/www.rozrazil.cz\/wp-content\/uploads\/fotky-ze-sondy-v-novohradkach-2016-od-bary-vachove\/2016\/06\/P5281686-1024x768.jpg\" title=\"OLYMPUS DIGITAL CAMERA\" rel=\"gallery1\"><img loading=\"lazy\" decoding=\"async\" src=\"https:\/\/www.rozrazil.cz\/wp-content\/uploads\/fotky-ze-sondy-v-novohradkach-2016-od-bary-vachove\/2016\/06\/P5281686-150x150.jpg\" width=\"150\" height=\"150\" alt=\"OLYMPUS DIGITAL CAMERA\" \/><\/a>\r\n<\/dt><dd class=\"gallery-caption\" id=\"caption26722\"><span class=\"imagecaption\">OLYMPUS DIGITAL CAMERA<\/span><br \/>\n<\/dd><\/dl><br style=\"clear: both\" \/><dl class=\"gallery-item\">\n<dt class=\"gallery-icon\">\r\n<a href=\"https:\/\/www.rozrazil.cz\/wp-content\/uploads\/fotky-ze-sondy-v-novohradkach-2016-od-bary-vachove\/2016\/06\/P5281687-1024x768.jpg\" title=\"OLYMPUS DIGITAL CAMERA\" rel=\"gallery1\"><img loading=\"lazy\" decoding=\"async\" src=\"https:\/\/www.rozrazil.cz\/wp-content\/uploads\/fotky-ze-sondy-v-novohradkach-2016-od-bary-vachove\/2016\/06\/P5281687-150x150.jpg\" width=\"150\" height=\"150\" alt=\"OLYMPUS DIGITAL CAMERA\" \/><\/a>\r\n<\/dt><dd class=\"gallery-caption\" id=\"caption26723\"><span class=\"imagecaption\">OLYMPUS DIGITAL CAMERA<\/span><br \/>\n<\/dd><\/dl><dl class=\"gallery-item\">\n<dt class=\"gallery-icon\">\r\n<a href=\"https:\/\/www.rozrazil.cz\/wp-content\/uploads\/fotky-ze-sondy-v-novohradkach-2016-od-bary-vachove\/2016\/06\/P5281688-768x1024.jpg\" title=\"OLYMPUS DIGITAL CAMERA\" rel=\"gallery1\"><img loading=\"lazy\" decoding=\"async\" src=\"https:\/\/www.rozrazil.cz\/wp-content\/uploads\/fotky-ze-sondy-v-novohradkach-2016-od-bary-vachove\/2016\/06\/P5281688-150x150.jpg\" width=\"150\" height=\"150\" alt=\"OLYMPUS DIGITAL CAMERA\" \/><\/a>\r\n<\/dt><dd class=\"gallery-caption\" id=\"caption26724\"><span class=\"imagecaption\">OLYMPUS DIGITAL CAMERA<\/span><br \/>\n<\/dd><\/dl><dl class=\"gallery-item\">\n<dt class=\"gallery-icon\">\r\n<a href=\"https:\/\/www.rozrazil.cz\/wp-content\/uploads\/fotky-ze-sondy-v-novohradkach-2016-od-bary-vachove\/2016\/06\/P5281691-1024x768.jpg\" title=\"OLYMPUS DIGITAL CAMERA\" rel=\"gallery1\"><img loading=\"lazy\" decoding=\"async\" src=\"https:\/\/www.rozrazil.cz\/wp-content\/uploads\/fotky-ze-sondy-v-novohradkach-2016-od-bary-vachove\/2016\/06\/P5281691-150x150.jpg\" width=\"150\" height=\"150\" alt=\"OLYMPUS DIGITAL CAMERA\" \/><\/a>\r\n<\/dt><dd class=\"gallery-caption\" id=\"caption26725\"><span class=\"imagecaption\">OLYMPUS DIGITAL CAMERA<\/span><br \/>\n<\/dd><\/dl><dl class=\"gallery-item\">\n<dt class=\"gallery-icon\">\r\n<a href=\"https:\/\/www.rozrazil.cz\/wp-content\/uploads\/fotky-ze-sondy-v-novohradkach-2016-od-bary-vachove\/2016\/06\/P5281692-1024x768.jpg\" title=\"OLYMPUS DIGITAL CAMERA\" rel=\"gallery1\"><img loading=\"lazy\" decoding=\"async\" src=\"https:\/\/www.rozrazil.cz\/wp-content\/uploads\/fotky-ze-sondy-v-novohradkach-2016-od-bary-vachove\/2016\/06\/P5281692-150x150.jpg\" width=\"150\" height=\"150\" alt=\"OLYMPUS DIGITAL CAMERA\" \/><\/a>\r\n<\/dt><dd class=\"gallery-caption\" id=\"caption26726\"><span class=\"imagecaption\">OLYMPUS DIGITAL CAMERA<\/span><br \/>\n<\/dd><\/dl><br style=\"clear: both\" \/><dl class=\"gallery-item\">\n<dt class=\"gallery-icon\">\r\n<a href=\"https:\/\/www.rozrazil.cz\/wp-content\/uploads\/fotky-ze-sondy-v-novohradkach-2016-od-bary-vachove\/2016\/06\/P5281693-1024x768.jpg\" title=\"OLYMPUS DIGITAL CAMERA\" rel=\"gallery1\"><img loading=\"lazy\" decoding=\"async\" src=\"https:\/\/www.rozrazil.cz\/wp-content\/uploads\/fotky-ze-sondy-v-novohradkach-2016-od-bary-vachove\/2016\/06\/P5281693-150x150.jpg\" width=\"150\" height=\"150\" alt=\"OLYMPUS DIGITAL CAMERA\" \/><\/a>\r\n<\/dt><dd class=\"gallery-caption\" id=\"caption26727\"><span class=\"imagecaption\">OLYMPUS DIGITAL CAMERA<\/span><br \/>\n<\/dd><\/dl><dl class=\"gallery-item\">\n<dt class=\"gallery-icon\">\r\n<a href=\"https:\/\/www.rozrazil.cz\/wp-content\/uploads\/fotky-ze-sondy-v-novohradkach-2016-od-bary-vachove\/2016\/06\/P5281695-1024x768.jpg\" title=\"OLYMPUS DIGITAL CAMERA\" rel=\"gallery1\"><img loading=\"lazy\" decoding=\"async\" src=\"https:\/\/www.rozrazil.cz\/wp-content\/uploads\/fotky-ze-sondy-v-novohradkach-2016-od-bary-vachove\/2016\/06\/P5281695-150x150.jpg\" width=\"150\" height=\"150\" alt=\"OLYMPUS DIGITAL CAMERA\" \/><\/a>\r\n<\/dt><dd class=\"gallery-caption\" id=\"caption26728\"><span class=\"imagecaption\">OLYMPUS DIGITAL CAMERA<\/span><br \/>\n<\/dd><\/dl><dl class=\"gallery-item\">\n<dt class=\"gallery-icon\">\r\n<a href=\"https:\/\/www.rozrazil.cz\/wp-content\/uploads\/fotky-ze-sondy-v-novohradkach-2016-od-bary-vachove\/2016\/06\/P5281696-1024x768.jpg\" title=\"OLYMPUS DIGITAL CAMERA\" rel=\"gallery1\"><img loading=\"lazy\" decoding=\"async\" src=\"https:\/\/www.rozrazil.cz\/wp-content\/uploads\/fotky-ze-sondy-v-novohradkach-2016-od-bary-vachove\/2016\/06\/P5281696-150x150.jpg\" width=\"150\" height=\"150\" alt=\"OLYMPUS DIGITAL CAMERA\" \/><\/a>\r\n<\/dt><dd class=\"gallery-caption\" id=\"caption26729\"><span class=\"imagecaption\">OLYMPUS DIGITAL CAMERA<\/span><br \/>\n<\/dd><\/dl><dl class=\"gallery-item\">\n<dt class=\"gallery-icon\">\r\n<a href=\"https:\/\/www.rozrazil.cz\/wp-content\/uploads\/fotky-ze-sondy-v-novohradkach-2016-od-bary-vachove\/2016\/06\/P5281697-1024x768.jpg\" title=\"OLYMPUS DIGITAL CAMERA\" rel=\"gallery1\"><img loading=\"lazy\" decoding=\"async\" src=\"https:\/\/www.rozrazil.cz\/wp-content\/uploads\/fotky-ze-sondy-v-novohradkach-2016-od-bary-vachove\/2016\/06\/P5281697-150x150.jpg\" width=\"150\" height=\"150\" alt=\"OLYMPUS DIGITAL CAMERA\" \/><\/a>\r\n<\/dt><dd class=\"gallery-caption\" id=\"caption26730\"><span class=\"imagecaption\">OLYMPUS DIGITAL CAMERA<\/span><br \/>\n<\/dd><\/dl><br style=\"clear: both\" \/><dl class=\"gallery-item\">\n<dt class=\"gallery-icon\">\r\n<a href=\"https:\/\/www.rozrazil.cz\/wp-content\/uploads\/fotky-ze-sondy-v-novohradkach-2016-od-bary-vachove\/2016\/06\/P5291699-1024x768.jpg\" title=\"OLYMPUS DIGITAL CAMERA\" rel=\"gallery1\"><img loading=\"lazy\" decoding=\"async\" src=\"https:\/\/www.rozrazil.cz\/wp-content\/uploads\/fotky-ze-sondy-v-novohradkach-2016-od-bary-vachove\/2016\/06\/P5291699-150x150.jpg\" width=\"150\" height=\"150\" alt=\"OLYMPUS DIGITAL CAMERA\" \/><\/a>\r\n<\/dt><dd class=\"gallery-caption\" id=\"caption26731\"><span class=\"imagecaption\">OLYMPUS DIGITAL CAMERA<\/span><br \/>\n<\/dd><\/dl><dl class=\"gallery-item\">\n<dt class=\"gallery-icon\">\r\n<a href=\"https:\/\/www.rozrazil.cz\/wp-content\/uploads\/fotky-ze-sondy-v-novohradkach-2016-od-bary-vachove\/2016\/06\/P5291701-1024x768.jpg\" title=\"OLYMPUS DIGITAL CAMERA\" rel=\"gallery1\"><img loading=\"lazy\" decoding=\"async\" src=\"https:\/\/www.rozrazil.cz\/wp-content\/uploads\/fotky-ze-sondy-v-novohradkach-2016-od-bary-vachove\/2016\/06\/P5291701-150x150.jpg\" width=\"150\" height=\"150\" alt=\"OLYMPUS DIGITAL CAMERA\" \/><\/a>\r\n<\/dt><dd class=\"gallery-caption\" id=\"caption26732\"><span class=\"imagecaption\">OLYMPUS DIGITAL CAMERA<\/span><br \/>\n<\/dd><\/dl><dl class=\"gallery-item\">\n<dt class=\"gallery-icon\">\r\n<a href=\"https:\/\/www.rozrazil.cz\/wp-content\/uploads\/fotky-ze-sondy-v-novohradkach-2016-od-bary-vachove\/2016\/06\/P5291702-741x1024.jpg\" title=\"OLYMPUS DIGITAL CAMERA\" rel=\"gallery1\"><img loading=\"lazy\" decoding=\"async\" src=\"https:\/\/www.rozrazil.cz\/wp-content\/uploads\/fotky-ze-sondy-v-novohradkach-2016-od-bary-vachove\/2016\/06\/P5291702-150x150.jpg\" width=\"150\" height=\"150\" alt=\"OLYMPUS DIGITAL CAMERA\" \/><\/a>\r\n<\/dt><dd class=\"gallery-caption\" id=\"caption26733\"><span class=\"imagecaption\">OLYMPUS DIGITAL CAMERA<\/span><br \/>\n<\/dd><\/dl><dl class=\"gallery-item\">\n<dt class=\"gallery-icon\">\r\n<a href=\"https:\/\/www.rozrazil.cz\/wp-content\/uploads\/fotky-ze-sondy-v-novohradkach-2016-od-bary-vachove\/2016\/06\/P5291704-768x1024.jpg\" title=\"Cetviny\" rel=\"gallery1\"><img loading=\"lazy\" decoding=\"async\" src=\"https:\/\/www.rozrazil.cz\/wp-content\/uploads\/fotky-ze-sondy-v-novohradkach-2016-od-bary-vachove\/2016\/06\/P5291704-150x150.jpg\" width=\"150\" height=\"150\" alt=\"Cetviny\" \/><\/a>\r\n<\/dt><dd class=\"gallery-caption\" id=\"caption26734\"><span class=\"imagecaption\">Cetviny<\/span><br \/>\n<\/dd><\/dl><br style=\"clear: both\" \/><dl class=\"gallery-item\">\n<dt class=\"gallery-icon\">\r\n<a href=\"https:\/\/www.rozrazil.cz\/wp-content\/uploads\/fotky-ze-sondy-v-novohradkach-2016-od-bary-vachove\/2016\/06\/P5291705-1024x768.jpg\" title=\"OLYMPUS DIGITAL CAMERA\" rel=\"gallery1\"><img loading=\"lazy\" decoding=\"async\" src=\"https:\/\/www.rozrazil.cz\/wp-content\/uploads\/fotky-ze-sondy-v-novohradkach-2016-od-bary-vachove\/2016\/06\/P5291705-150x150.jpg\" width=\"150\" height=\"150\" alt=\"OLYMPUS DIGITAL CAMERA\" \/><\/a>\r\n<\/dt><dd class=\"gallery-caption\" id=\"caption26735\"><span class=\"imagecaption\">OLYMPUS DIGITAL CAMERA<\/span><br \/>\n<\/dd><\/dl><dl class=\"gallery-item\">\n<dt class=\"gallery-icon\">\r\n<a href=\"https:\/\/www.rozrazil.cz\/wp-content\/uploads\/fotky-ze-sondy-v-novohradkach-2016-od-bary-vachove\/2016\/06\/P5291712-735x1024.jpg\" title=\"OLYMPUS DIGITAL CAMERA\" rel=\"gallery1\"><img loading=\"lazy\" decoding=\"async\" src=\"https:\/\/www.rozrazil.cz\/wp-content\/uploads\/fotky-ze-sondy-v-novohradkach-2016-od-bary-vachove\/2016\/06\/P5291712-150x150.jpg\" width=\"150\" height=\"150\" alt=\"OLYMPUS DIGITAL CAMERA\" \/><\/a>\r\n<\/dt><dd class=\"gallery-caption\" id=\"caption26736\"><span class=\"imagecaption\">OLYMPUS DIGITAL CAMERA<\/span><br \/>\n<\/dd><\/dl><dl class=\"gallery-item\">\n<dt class=\"gallery-icon\">\r\n<a href=\"https:\/\/www.rozrazil.cz\/wp-content\/uploads\/fotky-ze-sondy-v-novohradkach-2016-od-bary-vachove\/2016\/06\/P5291713-768x1024.jpg\" title=\"OLYMPUS DIGITAL CAMERA\" rel=\"gallery1\"><img loading=\"lazy\" decoding=\"async\" src=\"https:\/\/www.rozrazil.cz\/wp-content\/uploads\/fotky-ze-sondy-v-novohradkach-2016-od-bary-vachove\/2016\/06\/P5291713-150x150.jpg\" width=\"150\" height=\"150\" alt=\"OLYMPUS DIGITAL CAMERA\" \/><\/a>\r\n<\/dt><dd class=\"gallery-caption\" id=\"caption26737\"><span class=\"imagecaption\">OLYMPUS DIGITAL CAMERA<\/span><br \/>\n<\/dd><\/dl><dl class=\"gallery-item\">\n<dt class=\"gallery-icon\">\r\n<a href=\"https:\/\/www.rozrazil.cz\/wp-content\/uploads\/fotky-ze-sondy-v-novohradkach-2016-od-bary-vachove\/2016\/06\/P5291714-1024x666.jpg\" title=\"OLYMPUS DIGITAL CAMERA\" rel=\"gallery1\"><img loading=\"lazy\" decoding=\"async\" src=\"https:\/\/www.rozrazil.cz\/wp-content\/uploads\/fotky-ze-sondy-v-novohradkach-2016-od-bary-vachove\/2016\/06\/P5291714-150x150.jpg\" width=\"150\" height=\"150\" alt=\"OLYMPUS DIGITAL CAMERA\" \/><\/a>\r\n<\/dt><dd class=\"gallery-caption\" id=\"caption26738\"><span class=\"imagecaption\">OLYMPUS DIGITAL CAMERA<\/span><br \/>\n<\/dd><\/dl><br style=\"clear: both\" \/><dl class=\"gallery-item\">\n<dt class=\"gallery-icon\">\r\n<a href=\"https:\/\/www.rozrazil.cz\/wp-content\/uploads\/fotky-ze-sondy-v-novohradkach-2016-od-bary-vachove\/2016\/06\/P5291715-768x1024.jpg\" title=\"OLYMPUS DIGITAL CAMERA\" rel=\"gallery1\"><img loading=\"lazy\" decoding=\"async\" src=\"https:\/\/www.rozrazil.cz\/wp-content\/uploads\/fotky-ze-sondy-v-novohradkach-2016-od-bary-vachove\/2016\/06\/P5291715-150x150.jpg\" width=\"150\" height=\"150\" alt=\"OLYMPUS DIGITAL CAMERA\" \/><\/a>\r\n<\/dt><dd class=\"gallery-caption\" id=\"caption26739\"><span class=\"imagecaption\">OLYMPUS DIGITAL CAMERA<\/span><br \/>\n<\/dd><\/dl><dl class=\"gallery-item\">\n<dt class=\"gallery-icon\">\r\n<a href=\"https:\/\/www.rozrazil.cz\/wp-content\/uploads\/fotky-ze-sondy-v-novohradkach-2016-od-bary-vachove\/2016\/06\/P5291716-768x1024.jpg\" title=\"OLYMPUS DIGITAL CAMERA\" rel=\"gallery1\"><img loading=\"lazy\" decoding=\"async\" src=\"https:\/\/www.rozrazil.cz\/wp-content\/uploads\/fotky-ze-sondy-v-novohradkach-2016-od-bary-vachove\/2016\/06\/P5291716-150x150.jpg\" width=\"150\" height=\"150\" alt=\"OLYMPUS DIGITAL CAMERA\" \/><\/a>\r\n<\/dt><dd class=\"gallery-caption\" id=\"caption26740\"><span class=\"imagecaption\">OLYMPUS DIGITAL CAMERA<\/span><br \/>\n<\/dd><\/dl>\r\n\t\t\t<br style='clear: both' \/>\r\n\t\t<\/div>\n\n","protected":false},"excerpt":{"rendered":"","protected":false},"author":6,"featured_media":0,"parent":26506,"menu_order":0,"comment_status":"open","ping_status":"open","template":"","meta":{"_bbp_topic_count":0,"_bbp_reply_count":0,"_bbp_total_topic_count":0,"_bbp_total_reply_count":0,"_bbp_voice_count":0,"_bbp_anonymous_reply_count":0,"_bbp_topic_count_hidden":0,"_bbp_reply_count_hidden":0,"_bbp_forum_subforum_count":0,"footnotes":""},"_links":{"self":[{"href":"https:\/\/www.rozrazil.cz\/index.php?rest_route=\/wp\/v2\/pages\/26710"}],"collection":[{"href":"https:\/\/www.rozrazil.cz\/index.php?rest_route=\/wp\/v2\/pages"}],"about":[{"href":"https:\/\/www.rozrazil.cz\/index.php?rest_route=\/wp\/v2\/types\/page"}],"author":[{"embeddable":true,"href":"https:\/\/www.rozrazil.cz\/index.php?rest_route=\/wp\/v2\/users\/6"}],"replies":[{"embeddable":true,"href":"https:\/\/www.rozrazil.cz\/index.php?rest_route=%2Fwp%2Fv2%2Fcomments&post=26710"}],"version-history":[{"count":1,"href":"https:\/\/www.rozrazil.cz\/index.php?rest_route=\/wp\/v2\/pages\/26710\/revisions"}],"predecessor-version":[{"id":26741,"href":"https:\/\/www.rozrazil.cz\/index.php?rest_route=\/wp\/v2\/pages\/26710\/revisions\/26741"}],"up":[{"embeddable":true,"href":"https:\/\/www.rozrazil.cz\/index.php?rest_route=\/wp\/v2\/pages\/26506"}],"wp:attachment":[{"href":"https:\/\/www.rozrazil.cz\/index.php?rest_route=%2Fwp%2Fv2%2Fmedia&parent=26710"}],"curies":[{"name":"wp","href":"https:\/\/api.w.org\/{rel}","templated":true}]}}